{"id":103,"date":"2015-11-01T20:12:30","date_gmt":"2015-11-01T19:12:30","guid":{"rendered":"http:\/\/www.inder.info\/msferret\/?page_id=103"},"modified":"2020-04-29T20:31:05","modified_gmt":"2020-04-29T18:31:05","slug":"about-me","status":"publish","type":"page","link":"https:\/\/inder.info\/msferret\/about-me\/","title":{"rendered":"About me"},"content":{"rendered":"\t\t<div data-elementor-type=\"wp-page\" data-elementor-id=\"103\" class=\"elementor elementor-103\" data-elementor-settings=\"[]\">\n\t\t\t\t\t\t<div class=\"elementor-inner\">\n\t\t\t\t\t\t\t<div class=\"elementor-section-wrap\">\n\t\t\t\t\t\t\t<section class=\"elementor-section elementor-top-section elementor-element elementor-element-42fdf8d7 elementor-section-boxed elementor-section-height-default elementor-section-height-default\" data-id=\"42fdf8d7\" data-element_type=\"section\">\n\t\t\t\t\t\t<div class=\"elementor-container elementor-column-gap-default\">\n\t\t\t\t\t\t\t<div class=\"elementor-row\">\n\t\t\t\t\t<div class=\"elementor-column elementor-col-100 elementor-top-column elementor-element elementor-element-44002c elementor-hidden-tablet elementor-hidden-phone elementor-invisible\" data-id=\"44002c\" data-element_type=\"column\" data-settings=\"{&quot;background_background&quot;:&quot;classic&quot;,&quot;animation&quot;:&quot;fadeIn&quot;}\">\n\t\t\t<div class=\"elementor-column-wrap elementor-element-populated\">\n\t\t\t\t\t\t\t<div class=\"elementor-widget-wrap\">\n\t\t\t\t\t\t<div class=\"elementor-element elementor-element-91f274a elementor-widget elementor-widget-text-editor\" data-id=\"91f274a\" data-element_type=\"widget\" data-widget_type=\"text-editor.default\">\n\t\t\t\t<div class=\"elementor-widget-container\">\n\t\t\t\t\t\t\t\t<div class=\"elementor-text-editor elementor-clearfix\">\n\t\t\t\t\t<!-- wp:group {\"align\":\"wide\"} -->\n<div class=\"wp-block-group alignwide\"><div class=\"wp-block-group__inner-container\"><!-- wp:group -->\n<div class=\"wp-block-group\"><div class=\"wp-block-group__inner-container\"><!-- wp:group -->\n<div class=\"wp-block-group\"><div class=\"wp-block-group__inner-container\"><!-- wp:freeform -->\n<p style=\"text-align: center\">Damit Ihr wi\u00dft, wer eigentlich hinter &#8222;Ms Ferret &amp; the brainbug exposition&#8220; steckt, m\u00f6chte ich ein paar Worte \u00fcber mich und meine Seite verlieren.<\/p>\n<p style=\"text-align: center\"><strong>Wer bin ich?<\/strong><br \/>Mein Name ist Christina M\u00fcller. 1979 wurde ich in Mainz, Deutschland, geboren und lebe seit dem auch in der Region. Mit Bildern besch\u00e4ftige ich mich seit ich denken kann. Schon als Kind gr\u00fcndetet ich mit meiner Schwester eine &#8222;Kunstgalerie&#8220; und malte &#8222;auf Bestellung&#8220; *zwinker*.<\/p>\n<p style=\"text-align: center\">Kurz vor dem Abitur kam ich in Kontakt mit Acrylfarben, die mich seitdem total begeistern. Inzwischen habe ich mit Acrylfarben einige Dutzend Bilder gemalt und diese m\u00f6chte ich nun auf meiner Homepage auch der \u00d6ffentlichkeit zeigen.<\/p>\n<p style=\"text-align: center\"><strong>Habe ich ein Kunststudium?<\/strong><br \/>Nein, als Autodidakt habe ich mir meinen eigenen Stil erarbeitet und versuche diesen immer wieder neu zu erfinden. Daf\u00fcr schaue ich gerne und oft bei anderen K\u00fcnstlern nach Inspirationen, sei es neuen Techniken oder neuen Ausdrucksmitteln, um sie dann in den &#8222;Ms Ferret&#8220;-Stil zu transferieren und einzubauen.<\/p>\n<p style=\"text-align: center\"><strong>Was hat es mit dem Namen &#8222;Ms Ferret &amp; the brainbug exposition&#8220; auf sich?<\/strong><br \/>Als eine sehr gute Freundin mich \u00fcberzeugte eine eigene Seite zu machen, war schnell klar, dass Namen wie &#8222;M\u00fcller-Art&#8220; oder \u00e4hnliches nicht klingen. Es sollte ein Name her, der im Ged\u00e4chtnis bleibt. Und gleichzeitig etwas mit mir zu tun hat&#8230; Aufgrund des Kommentars einiger Freunde und Bekannte, dass ich wie ein Frettchen immer herumwusel, war &#8222;Ms Ferret&#8220; schnell gefunden. &#8222;The brainbug exposition&#8220; soll der Verweis auf die teilweise dunkle Welt der Gedanken sein, mit welcher sich meine Bilder gr\u00f6\u00dftenteils besch\u00e4ftigen.<\/p>\n<p style=\"text-align: center\"><strong>Wie entstehen meine Bilder?<\/strong><br \/>In der Regel lasse ich mich von Fotografien (z.B. bei Sandra von\u00a0<a href=\"http:\/\/sollena-photography.de\/\">http:\/\/sollena-photography.de\/<\/a>\u00a0) und Gef\u00fchlen inspirieren. Das hei\u00dft, nur wenn ich einen Zugang zu einem Bild habe, kann ich dieses auch umsetzen. In den meisten F\u00e4llen habe ich schon das fertige Bild im Kopf, wei\u00df in welchem Stil es entstehen wird und dann muss es einfach raus aus dem Pinsel.<\/p>\n<p style=\"text-align: center\"><strong>Warum haben meine Acrylbilder alle einen Text?<\/strong><br \/>F\u00fcr mich geh\u00f6ren das Bild und der Text fest zusammen.<br \/>Nur zusammen bilden sie f\u00fcr mich die vollst\u00e4ndige Einheit, die ich ausdr\u00fccken m\u00f6chte.<br \/>Deshalb verbringe ich auf der Suche nach dem richtigen\/passenden Text f\u00fcr ein Bild teils genaus viel Zeit wie das Bild f\u00fcr die Entstehung ben\u00f6tigt. Es kann aber auch durchaus passieren, dass nicht das Bild zu erst da ist. Manchmal habe ich einen sehr sch\u00f6nen Text, ein Zitat gelesen oder einen Song geh\u00f6rt, so dass ich mich auf die Suche nach dem Bild mache, welches f\u00fcr mich den Inhalt der Zeilen wiederspiegelt.<\/p>\n<p style=\"text-align: center\"><strong>Wie kam ich zum Schrottschwei\u00dfen?<\/strong><br \/>Skulpturen aus Schrott mache ich nun seit ca 2010. \u00dcber einen Kurs an der VHS bin ich dazugekommen und habe inzwischen einige Werke zusammengeschwei\u00dft und geflext. Der gro\u00dfe Spa\u00df daran ist, dass man v\u00f6llig frei an die Skulpturen herangehen muss. Man wei\u00df nie, welche Objekte man auf dem Schrottplatz findet und wie diese sp\u00e4ter beim Schwei\u00dfen zusammenfinden werden.<\/p>\n<p style=\"text-align: center\"><strong>Wieso gibt es eine Kategorie &#8222;Fotografie&#8220;?<\/strong><br \/>In der Rubrik Fotografie m\u00f6chte ich ab und an auch ein Foto hochladen, das ich geschossen habe und das es mir sehr angetan hat. Ich m\u00f6chte aber gleich betonen, dass ich weder eine Ausbildung noch jemals einen Kurs in Fotografie hatte und dies alles auf Hobby-Niveau stattfindet.<\/p>\n<!-- \/wp:freeform --><\/div><\/div>\n<!-- \/wp:group --><\/div><\/div>\n<!-- \/wp:group --><\/div><\/div>\n<!-- \/wp:group -->\n\n<!-- wp:paragraph -->\n<p><\/p>\n<!-- \/wp:paragraph -->\t\t\t\t\t<\/div>\n\t\t\t\t\t\t<\/div>\n\t\t\t\t<\/div>\n\t\t\t\t\t\t<\/div>\n\t\t\t\t\t<\/div>\n\t\t<\/div>\n\t\t\t\t\t\t\t\t<\/div>\n\t\t\t\t\t<\/div>\n\t\t<\/section>\n\t\t\t\t\t\t<\/div>\n\t\t\t\t\t\t<\/div>\n\t\t\t\t\t<\/div>\n\t\t","protected":false},"excerpt":{"rendered":"<p>Damit Ihr wi\u00dft, wer eigentlich hinter &#8222;Ms Ferret &amp; the brainbug exposition&#8220; steckt, m\u00f6chte ich ein paar Worte \u00fcber mich und meine Seite verlieren. Wer bin ich?Mein Name ist Christina M\u00fcller. 1979 wurde ich in Mainz, Deutschland, geboren und lebe seit dem auch in der Region. Mit Bildern besch\u00e4ftige ich mich seit ich denken kann. Schon als Kind gr\u00fcndetet ich mit meiner Schwester eine &#8222;Kunstgalerie&#8220; und malte &#8222;auf Bestellung&#8220; *zwinker*. Kurz vor dem Abitur kam ich in Kontakt mit Acrylfarben, [&hellip;]<\/p>\n","protected":false},"author":1,"featured_media":0,"parent":0,"menu_order":0,"comment_status":"closed","ping_status":"closed","template":"","meta":{"footnotes":""},"_links":{"self":[{"href":"https:\/\/inder.info\/msferret\/wp-json\/wp\/v2\/pages\/103"}],"collection":[{"href":"https:\/\/inder.info\/msferret\/wp-json\/wp\/v2\/pages"}],"about":[{"href":"https:\/\/inder.info\/msferret\/wp-json\/wp\/v2\/types\/page"}],"author":[{"embeddable":true,"href":"https:\/\/inder.info\/msferret\/wp-json\/wp\/v2\/users\/1"}],"replies":[{"embeddable":true,"href":"https:\/\/inder.info\/msferret\/wp-json\/wp\/v2\/comments?post=103"}],"version-history":[{"count":16,"href":"https:\/\/inder.info\/msferret\/wp-json\/wp\/v2\/pages\/103\/revisions"}],"predecessor-version":[{"id":1360,"href":"https:\/\/inder.info\/msferret\/wp-json\/wp\/v2\/pages\/103\/revisions\/1360"}],"wp:attachment":[{"href":"https:\/\/inder.info\/msferret\/wp-json\/wp\/v2\/media?parent=103"}],"curies":[{"name":"wp","href":"https:\/\/api.w.org\/{rel}","templated":true}]}}

<div data-elementor-type="wp-page" data-elementor-id="103" class="elementor elementor-103" data-elementor-settings="[]">
						<div class="elementor-inner">
							<div class="elementor-section-wrap">
							<section class="elementor-section elementor-top-section elementor-element elementor-element-42fdf8d7 elementor-section-boxed elementor-section-height-default elementor-section-height-default" data-id="42fdf8d7" data-element_type="section">
						<div class="elementor-container elementor-column-gap-default">
							<div class="elementor-row">
					<div class="elementor-column elementor-col-100 elementor-top-column elementor-element elementor-element-44002c elementor-hidden-tablet elementor-hidden-phone elementor-invisible" data-id="44002c" data-element_type="column" data-settings="{&quot;background_background&quot;:&quot;classic&quot;,&quot;animation&quot;:&quot;fadeIn&quot;}">
			<div class="elementor-column-wrap elementor-element-populated">
							<div class="elementor-widget-wrap">
						<div class="elementor-element elementor-element-91f274a elementor-widget elementor-widget-text-editor" data-id="91f274a" data-element_type="widget" data-widget_type="text-editor.default">
				<div class="elementor-widget-container">
								<div class="elementor-text-editor elementor-clearfix">
					<!-- wp:group {"align":"wide"} -->
<div class="wp-block-group alignwide"><div class="wp-block-group__inner-container"><!-- wp:group -->
<div class="wp-block-group"><div class="wp-block-group__inner-container"><!-- wp:group -->
<div class="wp-block-group"><div class="wp-block-group__inner-container"><!-- wp:freeform -->
<p style="text-align: center">Damit Ihr wißt, wer eigentlich hinter &#8222;Ms Ferret &amp; the brainbug exposition&#8220; steckt, möchte ich ein paar Worte über mich und meine Seite verlieren.</p>
<p style="text-align: center"><strong>Wer bin ich?</strong><br />Mein Name ist Christina Müller. 1979 wurde ich in Mainz, Deutschland, geboren und lebe seit dem auch in der Region. Mit Bildern beschäftige ich mich seit ich denken kann. Schon als Kind gründetet ich mit meiner Schwester eine &#8222;Kunstgalerie&#8220; und malte &#8222;auf Bestellung&#8220; *zwinker*.</p>
<p style="text-align: center">Kurz vor dem Abitur kam ich in Kontakt mit Acrylfarben, die mich seitdem total begeistern. Inzwischen habe ich mit Acrylfarben einige Dutzend Bilder gemalt und diese möchte ich nun auf meiner Homepage auch der Öffentlichkeit zeigen.</p>
<p style="text-align: center"><strong>Habe ich ein Kunststudium?</strong><br />Nein, als Autodidakt habe ich mir meinen eigenen Stil erarbeitet und versuche diesen immer wieder neu zu erfinden. Dafür schaue ich gerne und oft bei anderen Künstlern nach Inspirationen, sei es neuen Techniken oder neuen Ausdrucksmitteln, um sie dann in den &#8222;Ms Ferret&#8220;-Stil zu transferieren und einzubauen.</p>
<p style="text-align: center"><strong>Was hat es mit dem Namen &#8222;Ms Ferret &amp; the brainbug exposition&#8220; auf sich?</strong><br />Als eine sehr gute Freundin mich überzeugte eine eigene Seite zu machen, war schnell klar, dass Namen wie &#8222;Müller-Art&#8220; oder ähnliches nicht klingen. Es sollte ein Name her, der im Gedächtnis bleibt. Und gleichzeitig etwas mit mir zu tun hat&#8230; Aufgrund des Kommentars einiger Freunde und Bekannte, dass ich wie ein Frettchen immer herumwusel, war &#8222;Ms Ferret&#8220; schnell gefunden. &#8222;The brainbug exposition&#8220; soll der Verweis auf die teilweise dunkle Welt der Gedanken sein, mit welcher sich meine Bilder größtenteils beschäftigen.</p>
<p style="text-align: center"><strong>Wie entstehen meine Bilder?</strong><br />In der Regel lasse ich mich von Fotografien (z.B. bei Sandra von <a href="http://sollena-photography.de/">http://sollena-photography.de/</a> ) und Gefühlen inspirieren. Das heißt, nur wenn ich einen Zugang zu einem Bild habe, kann ich dieses auch umsetzen. In den meisten Fällen habe ich schon das fertige Bild im Kopf, weiß in welchem Stil es entstehen wird und dann muss es einfach raus aus dem Pinsel.</p>
<p style="text-align: center"><strong>Warum haben meine Acrylbilder alle einen Text?</strong><br />Für mich gehören das Bild und der Text fest zusammen.<br />Nur zusammen bilden sie für mich die vollständige Einheit, die ich ausdrücken möchte.<br />Deshalb verbringe ich auf der Suche nach dem richtigen/passenden Text für ein Bild teils genaus viel Zeit wie das Bild für die Entstehung benötigt. Es kann aber auch durchaus passieren, dass nicht das Bild zu erst da ist. Manchmal habe ich einen sehr schönen Text, ein Zitat gelesen oder einen Song gehört, so dass ich mich auf die Suche nach dem Bild mache, welches für mich den Inhalt der Zeilen wiederspiegelt.</p>
<p style="text-align: center"><strong>Wie kam ich zum Schrottschweißen?</strong><br />Skulpturen aus Schrott mache ich nun seit ca 2010. Über einen Kurs an der VHS bin ich dazugekommen und habe inzwischen einige Werke zusammengeschweißt und geflext. Der große Spaß daran ist, dass man völlig frei an die Skulpturen herangehen muss. Man weiß nie, welche Objekte man auf dem Schrottplatz findet und wie diese später beim Schweißen zusammenfinden werden.</p>
<p style="text-align: center"><strong>Wieso gibt es eine Kategorie &#8222;Fotografie&#8220;?</strong><br />In der Rubrik Fotografie möchte ich ab und an auch ein Foto hochladen, das ich geschossen habe und das es mir sehr angetan hat. Ich möchte aber gleich betonen, dass ich weder eine Ausbildung noch jemals einen Kurs in Fotografie hatte und dies alles auf Hobby-Niveau stattfindet.</p>
<!-- /wp:freeform --></div></div>
<!-- /wp:group --></div></div>
<!-- /wp:group --></div></div>
<!-- /wp:group -->

<!-- wp:paragraph -->
<p></p>
<!-- /wp:paragraph -->					</div>
						</div>
				</div>
						</div>
					</div>
		</div>
								</div>
					</div>
		</section>
						</div>
						</div>
					</div>

<p>Damit Ihr wißt, wer eigentlich hinter &#8222;Ms Ferret &amp; the brainbug exposition&#8220; steckt, möchte ich ein paar Worte über mich und meine Seite verlieren. Wer bin ich?Mein Name ist Christina Müller. 1979 wurde ich in Mainz, Deutschland, geboren und lebe seit dem auch in der Region. Mit Bildern beschäftige ich mich seit ich denken kann. Schon als Kind gründetet ich mit meiner Schwester eine &#8222;Kunstgalerie&#8220; und malte &#8222;auf Bestellung&#8220; *zwinker*. Kurz vor dem Abitur kam ich in Kontakt mit Acrylfarben, [&hellip;]</p>
